 are the prime factors of 200403?
3, 7, 3181
List the prime factors of 1810295.
5, 362059
List the prime factors of 756689.
756689
List the prime factors of 114674.
2, 7, 8191
List the prime factors of 9047805.
3, 5, 13, 46399
What are the prime factors of 553732?
2, 138433
List the prime factors of 6601416.
2, 3, 275059
What are the prime factors of 479949?
3, 157, 1019
What are the prime factors of 2429038?
2, 1214519
What are the prime factors of 382204?
2, 19, 47, 107
List the prime factors of 8309605.
5, 53, 31357
List the prime factors of 7310501.
11, 127, 5233
List the prime factors of 15482455.
5, 3096491
What are the prime factors of 386878?
2, 19, 10181
What are the prime factors of 341508?
2, 3, 149, 191
What are the prime factors of 5183590?
2, 5, 569, 911
List the prime factors of 4359226.
2, 367, 5939
List the prime factors of 3540784.
2, 13, 29, 587
List the prime factors of 942067.
7, 134581
List the prime factors of 267272.
2, 33409
What are the prime factors of 136853?
107, 1279
What are the prime factors of 822344?
2, 102793
What are the prime factors of 5357406?
2, 3, 892901
What are the prime factors of 51202?
2, 25601
What are the prime factors of 677829?
3, 225943
What are the prime factors of 457989?
3, 7, 113, 193
What are the prime factors of 327436?
2, 109, 751
What are the prime factors of 2269236?
2, 3, 127, 1489
List the prime factors of 1261281.
3, 7, 17, 3533
List the prime factors of 131172.
2, 3, 17, 643
List the prime factors of 932589.
3, 7, 113, 131
List the prime factors of 291823.
7, 47, 887
What are the prime factors of 678680?
2, 5, 19, 47
List the prime factors of 15096299.
167, 90397
What are the prime factors of 348736?
2, 5449
List the prime factors of 1210100.
2, 5, 12101
What are the prime factors of 707143?
707143
List the prime factors of 822718.
2, 13, 31643
What are the prime factors of 1020957?
3, 7, 61, 797
What are the prime factors of 4606237?
4606237
What are the prime factors of 585007?
37, 97, 163
What are the prime factors of 7090599?
3, 31, 76243
List the prime factors of 213210.
2, 3, 5, 23, 103
What are the prime factors of 249976?
2, 31247
What are the prime factors of 924112?
2, 7, 37, 223
What are the prime factors of 2448520?
2, 5, 41, 1493
What are the prime factors of 3705253?
797, 4649
What are the prime factors of 2319086?
2, 7, 11, 37
List the prime factors of 732851.
7, 104693
What are the prime factors of 10216736?
2, 37, 8629
What are the prime factors of 485148?
2, 3, 40429
What are the prime factors of 8589886?
2, 4294943
What are the prime factors of 1674371?
1674371
List the prime factors of 1857581.
11, 47, 3593
What are the prime factors of 5308121?
7, 13, 641
List the prime factors of 2141273.
29, 47, 1571
What are the prime factors of 3509661?
3, 19, 67, 919
List the prime factors of 854245.
5, 7, 24407
List the prime factors of 981123.
3, 11, 13, 2287
List the prime factors of 8349337.
8349337
What are the prime factors of 2752079?
11, 17, 14717
What are the prime factors of 9298760?
2, 5, 31, 7499
List the prime factors of 2500922.
2, 1250461
What are the prime factors of 12712785?
3, 5, 847519
List the prime factors of 1625001.
3, 7, 223, 347
What are the prime factors of 1147455?
3, 5, 43, 593
List the prime factors of 66377.
66377
List the prime factors of 81973.
81973
What are the prime factors of 9819584?
2, 71, 2161
List the prime factors of 9401191.
29, 324179
What are the prime factors of 132715?
5, 11, 19, 127
What are the prime factors of 2092546?
2, 19, 53, 1039
What are the prime factors of 1778290?
2, 5, 79, 2251
List the prime factors of 491578.
2, 245789
What are the prime factors of 193006?
2, 11, 31, 283
List the prime factors of 2276780.
2, 5, 11, 79, 131
What are the prime factors of 300150?
2, 3, 5, 23, 29
List the prime factors of 6718384.
2, 599, 701
What are the prime factors of 100886?
2, 73, 691
List the prime factors of 11071375.
5, 7, 12653
What are the prime factors of 28826471?
173, 166627
What are the prime factors of 930103?
113, 8231
What are the prime factors of 1004682?
2, 3, 7, 19, 1259
What are the prime factors of 620234?
2, 310117
List the prime factors of 14065243.
67, 209929
What are the prime factors of 230098?
2, 11, 10459
List the prime factors of 5576709.
3, 19, 227, 431
List the prime factors of 498805.
5, 99761
List the prime factors of 46309.
46309
List the prime factors of 942943.
942943
What are the prime factors of 5166276?
2, 3, 59, 7297
What are the prime factors of 8804841?
3, 1409, 2083
List the prime factors of 10834.
2, 5417
What are the prime factors of 324008?
2, 101, 401
What are the prime factors of 948673?
11, 86243
List the prime factors of 3051230.
2, 5, 7, 13, 479
List the prime factors of 19780341.
3, 7, 107, 8803
What are the prime factors of 5428132?
2, 661, 2053
What are the prime factors of 821018?
2, 11, 67, 557
What are the prime factors of 11517082?
2, 193, 29837
What are the prime factors of 1231198?
2, 615599
What are the prime factors of 197768?
2, 59, 419
List the prime factors of 1061690.
2, 5, 7, 29, 523
What are the prime factors of 668571?
3, 222857
List the prime factors of 4489908.
2, 3, 374159
List the prime factors of 91336.
2, 7, 233
List the prime factors of 11711494.
2, 5855747
List the prime factors of 1612276.
2, 107, 3767
List the prime factors of 1149911.
7, 61, 2693
What are the prime factors of 79866?
2, 3, 17, 29
What are the prime factors of 389028?
2, 3, 17, 1907
List the prime factors of 19025.
5, 761
List the prime factors of 100887.
3, 33629
What are the prime factors of 6947641?
6947641
List the prime factors of 1718729.
59, 29131
What are the prime factors of 515630?
2, 5, 51563
List the prime factors of 110839.
271, 409
List the prime factors of 289780.
2, 5, 14489
What are the prime factors of 87664?
2, 5479
List the prime factors of 3845255.
5, 23, 29, 1153
What are the prime factors of 3102676?
2, 775669
What are the prime factors of 7841983?
7841983
List the prime factors of 215567.
11, 19597
List the prime factors of 1624951.
67, 79, 307
What are the prime factors of 2642709?
3, 880903
What are the prime factors of 3797100?
2, 3, 5, 4219
What are the prime factors of 97391?
7, 13913
List the prime factors of 4412481.
3, 23, 63949
List the prime factors of 855473.
53, 16141
What are the prime factors of 9890201?
9890201
List the prime factors of 19202285.
5, 73, 52609
List the prime factors of 746899.
746899
List the prime factors of 2011975.
5, 7, 11497
What are the prime factors of 1230362?
2, 7, 23, 3821
What are the prime factors of 34792?
2, 4349
What are the prime factors of 12809330?
2, 5, 17, 151, 499
List the prime factors of 1084388.
2, 271097
What are the prime factors of 632293?
23, 37, 743
List the prime factors of 3120386.
2, 1560193
What are the prime factors of 433215?
3, 5, 3209
What are the prime factors of 170392?
2, 19, 59
What are the prime factors of 6251930?
2, 5, 211, 2963
What are the prime factors of 3936910?
2, 5, 23, 17117
List the prime factors of 1750920.
2, 3, 5, 14591
List the prime factors of 252883.
43, 5881
List the prime factors of 762138.
2, 3, 13, 3257
What are the prime factors of 287929?
17, 16937
What are the prime factors of 3110379?
3, 1036793
List the prime factors of 1309770.
2, 3, 5, 7, 11
What are the prime factors of 1809428?
2, 241, 1877
List the prime factors of 569772.
2, 3, 7, 17, 19
What are the prime factors of 12766?
2, 13, 491
What are the prime factors of 1564719?
3, 13, 53, 757
List the prime factors of 954136.
2, 119267
What are the prime factors of 640994?
2, 41, 7817
What are the prime factors of 14583071?
449, 32479
List the prime factors of 982614.
2, 3, 389, 421
List the prime factors of 100519.
100519
List the prime factors of 1044864.
2, 3, 907
What are the prime factors of 280360?
2, 5, 43, 163
What are the prime factors of 437568?
2, 3, 43, 53
What are the prime factors of 1636342?
2, 818171
What are the prime factors of 15824755?
5, 3164951
What are the prime factors of 512666?
2, 7, 11, 3329
What are the prime factors of 340747?
11, 30977
List the prime factors of 1361558.
2, 11, 199, 311
What are the prime factors of 6130551?
3, 7, 353, 827
List the prime factors of 23783.
17, 1399
